. Give r(2).
-6
Let g(c) = -c + 2. Let u = 74 - 72. Suppose 0*n + u*d = -n - 8, -3*n = d - 1. What is g(n)?
0
Let m = -4 - -2. Let j(w) = -113 + 63 + 50 - 4*w. What is j(m)?
8
Let k(x) be the first derivative of -x**3 + 5*x**2/2 - 2*x - 22. Suppose -4 = -2*w + 2. Calculate k(w).
-14
Let m(d) = 3*d**2 - 155*d - 52. Let t be m(52). Let k(c) be the third derivative of t + 0*c + 3*c**2 + 1/24*c**4 - 1/6*c**3. Determine k(4).
3
Let r be (-2)/(-7) + 477/21. Let o = -14 + r. Suppose 4*j - 25 = o*j. Let v(y) = y**2 + 4*y. What is v(j)?
5
Let b(y) be the second derivative of -y**4/12 - 7*y**3/6 + 9*y**2/2 + y. Let j be b(-8). Let a(c) = -2 - c + c + c**2 + j. Calculate a(2).
3
Let r = -542 + 536. Let s(d) = d**2 + 10*d + 15. Determine s(r).
-9
Let b(m) = -m. Let k(u) = 7*u. Let t(j) = 39*b(j) + 6*k(j). Determine t(1).
3
Suppose 4 = 3*x - x. Let f(o) be the second derivative of o**4/12 - o**3/6 - 7*o**2/2 + 5*o. Let m(j) be the first derivative of f(j). Give m(x).
3
Suppose -2*q + 248 = 4*o, 0 = -q - 0 + 4. Let w be (o/16 + -3)*4. Suppose 4 + 14 = -w*r. Let g(h) = h**2 + 5*h + 3. Calculate g(r).
9
Let d be (-10 + 1)/3 + -2. Let u(f) be the second derivative of -f**5/120 - 3*f**4/8 - 2*f**3/3 + 2*f. Let y(v) be the second derivative of u(v). Give y(d).
-4
Let c(u) = 3*u**2 + 2*u + 1. Let i be c(-2). Let v = i - 6. Let y(j) = 4*j**2 + 6 - 3*j - 2*j**3 + 4*j**3 - 3*j**3 + 2*j**v. Determine y(-5).
-4
Let m(d) be the second derivative of 1/3*d**3 + 11*d + 0 + d**2. Give m(2).
6
Suppose 20 = -200*o + 205*o. Let s(y) = 3*y**2 - 3*y + 1. Determine s(o).
37
Let g(b) = -733 + 1465 + 8*b - 752. What is g(3)?
4
Let g be ((-33)/22)/(2/8). Let m(c) = -c**2 - 5*c. Give m(g).
-6
Let f(h) = -9*h**2 + h - 1. Let z(a) = 5*a**2 - a + 1. Let g(m) = 4*f(m) + 7*z(m). Let x be (-79)/(-9) + 34/153. Suppose 4*p + x = -11. Calculate g(p).
-7
Let k(f) = f**3 - 6*f**2 + 5*f - 4. Suppose -3*z - 5*u = 7, 2*u = -z - 0*u - 3. Let x be (7/(-3) - z)*-3. Let s be (-2)/((-1)/x*4). Determine k(s).
-4
Suppose 2*r - 4 = -0*r. Suppose -7 = -r*b + 21. Let p = b + -8. Let t(d) = d - 6. What is t(p)?
0
Let f(r) = -r**2 + 4*r + 3. Suppose 0 = -3*s + y + 4, 37 = 4*s - 0*s + 5*y. Suppose 0 = 5*l + 3*w - 22, -2*l - 7 = -4*l - s*w. Calculate f(l).
-2
Let i(y) be the first derivative of y**3/3 + 3*y**2/2 + 3*y - 3. Let f(n) = 6*n + 15. Let t be f(-3). What is i(t)?
3
Let a be 2 - (-4)/(4 + -2). Let k(h) = 7*h + 4 + 1 + a + h**2. Give k(-6).
3
Suppose -3 = -n - 4*m, -4*n - 9 + 60 = 3*m. Let v(g) = g**3 - 15*g**2 - g + 13. Determine v(n).
-2
Let l(m) = -m**3 - 11*m**2 - 22*m + 22. Suppose 114*t - 58*t + 448 = 0. What is l(t)?
6
Let r(n) = 2*n**2 - 30*n - 10. Let c(d) = d**2 - 14*d - 5. Let a(h) = -13*c(h) + 6*r(h). Calculate a(3).
2
Let q(r) = r**3 - r**2 - r - 1. Let l(w) = 2*w + 6. Let v be l(-6). Let i(u) = 14*u**3 - 8*u**2 - 4*u - 7. Let x(t) = v*q(t) + i(t). Determine x(1).
7
Let f(o) be the first derivative of -3*o + o**3 + o**3 + 31*o**2 + 12 - 29*o**2 - 4*o**3. Determine f(2).
-19
Let p(c) = -757*c**2 - 6 - 16 + 756*c**2 - 10*c. Determine p(-6).
2
Let z be (56/24)/(14/6). Let d be -1 + -1 + -5 + 10. Let y(w) = -1 - z - d*w + 1 - w. Determine y(-2).
7
Let o be (-78)/10 - (-2)/20*-2. Let y(g) = 4*g + 6. What is y(o)?
-26
Let z(i) = 17*i**2 - 76*i + 40. Let x(f) = -6*f**2 + 25*f - 13. Let w(j) = -11*x(j) - 4*z(j). Give w(14).
-3
Let v(g) = g**2 + 10*g - 9. Suppose 11*w = -3*w - 154. Calculate v(w).
2
Let s(k) be the second derivative of -2*k**4/3 + k**3/3 - k**2/2 - k. Suppose -3*t = -2 - 13. Suppose 0*q + t = 5*q. What is s(q)?
-7
Suppose -52*l = -368 + 56. Let v(s) be the third derivative of -1/24*s**4 + 0*s + 1/12*s**5 + 0 + 1/120*s**l - 4*s**2 + 1/6*s**3. Determine v(-5).
6
Let o(a) = 15 + 17 - 57 + 23 + 24 + 6*a. Give o(-6).
-14
Suppose -5*u = -7 - 3. Suppose 7 = 3*l - k, 2*k + 2*k - 2 = u*l. Suppose l*t = -t. Let y(i) = -i**2 - i + 3. What is y(t)?
3
Let u(y) = y + 12. Let k be 16/(-6)*168/32. What is u(k)?
-2
Let x(z) = 3*z**3 - 8*z**2 + 11*z - 15. Let p(c) = 0*c**2 - 5 - 5*c**3 + 16 + 12*c**2 + 12 - 17*c. Let q(b) = -5*p(b) - 8*x(b). What is q(-5)?
-5
Let s(p) be the second derivative of -2*p**4/3 - 120*p. Give s(-1).
-8
Let t be 1 - 4 - (10/2 - 8). Let r(i) = 0*i**2 + 0*i**2 - i**2 + i + 5. Determine r(t).
5
Let d(t) be the third derivative of t**6/120 + t**5/15 + t**4/24 - t**3/3 + 167*t**2. What is d(-3)?
4
Suppose 4*l + 9 = -3*u - 0*u, -u = -3*l + 3. Let o(b) be the third derivative of 0*b**4 - 1/6*b**3 - 1/15*b**5 + 4*b**2 + 0*b + l. Calculate o(1).
-5
Let s(b) = -b + 1. Suppose -2*g - 5*n + 3*n = -62, -2*g = -4*n - 38. Suppose g*t - 30*t + 6 = 0. What is s(t)?
-1
Let y be (-65)/(-25) + 10/25. Let q(k) = k - 12. What is q(y)?
-9
Let l = 38 + -39. Let s(w) = -4*w + 2. Let a be s(l). Let t(x) = -2*x - 1. Determine t(a).
-13
Let f(a) = -9*a - 62*a**3 - 69*a**3 - 8*a**2 + 130*a**3 - 5. Let m be 11/(-22)*(-1 - -15). Calculate f(m).
9
Suppose 1 = -2*g + z, -g - 2 = -0*g + z. Suppose t = 4*r + 71, -3*r + 211 = 3*t - 77. Let y(k) = 44 + 48 - t - 2*k. Determine y(g).
3
Let o(h) = -h**3 + 4*h**2 + 4*h + 4. Let w be o(5). Let k = 180 + -179. Let v(a) = -4 + k + 53*a + 2 - 58*a. Calculate v(w).
4
Let a = 119 + -119. Let i(t) = -34 + 34 + a*t + t. Give i(-8).
-8
Let i(z) be the first derivative of 3*z**2/2 + 6. Let t = 26 - 24. Calculate i(t).
6
Let h(x) be the third derivative of -x**5/20 - 5*x**4/24 - 5*x**3/6 - 335*x**2. Calculate h(-2).
-7
Let c(s) = -s**3 - 13*s**2 - 2*s - 785 + 3*s + 784 + 12*s**2. Give c(-2).
1
Suppose 0 = 3*n + 9 + 12. Let a(m) = m**3 + 7*m**2 - 3. What is a(n)?
-3
Let p be (-9)/27 - 28/(-12) - 4. Let n(a) = -6*a - 3. Let r(u) = -11*u - 5. Let j(k) = 5*n(k) - 3*r(k). Determine j(p).
-6
Let k(d) = 2*d + 1. Suppose g = -17 - 9. Let z = 28 + g. Determine k(z).
5
Let m = -28 + 5. Let f = m - -25. Let y(d) = d - 1. Determine y(f).
1
Suppose 2*b = -4*z + 18, 0 = -2*z + 3*b - 366 + 371. Let h(x) be the third derivative of -x**6/120 + x**5/15 + x**4/8 - x**2. Give h(z).
12
Let b(d) = -2*d**2 + 30*d - 73. Let p be b(12). Let w(j) be the second derivative of -7*j**5/10 - j**4/12 + j**2/2 - j. Calculate w(p).
14
Let k be (1 - 5/3)*9. Let a(h) = -h**2 - h - 2. Let t(q) = -q**2 + 4*q - 6. Let i(s) = -2*a(s) + t(s). Give i(k).
-2
Let s(a) = -2*a + 37. Let n be s(16). Let w(z) = -n*z + 4*z**2 + 3 + z - 3*z**2. Let y be (15/6)/(-1)*-2. What is w(y)?
8
Let r(u) = 6*u**3 - u**2. Suppose h - 2*z = -h, 5*h + 4*z - 45 = 0. Suppose -1 + h = -4*t, -4*x = -4*t - 8. Calculate r(x).
5
Let x(p) = -6*p**2 - 4*p - 5. Let f = 1889 - 1892. Calculate x(f).
-47
Let k(h) = -5*h**3 - 12*h**2 + 4*h - 7. Let n(w) = -w**3 - 3*w**2 + w - 1. Let t(g) = k(g) - 3*n(g). What is t(-3)?
20
Let w(l) be the third derivative of l**4/24 + 5*l**3/3 + 6*l**2 + 15*l. Calculate w(7).
17
Let w(z) = 6*z - 13. Let d be 1*(18 + -12 + -3). Calculate w(d).
5
Let d(t) = 962*t + 10 - 482*t - 479*t. Determine d(-4).
6
Let n(u) be the third derivative of -u**4/8 + u**3/6 + 126*u**2. Give n(-3).
10
Let v(t) = -t**2 + 5*t - 5. Let p(c) = 3*c**2 - 49*c - 103. Let y be p(-2). Give v(y).
-19
Let f(j) = -j**2 + j**3 + 2 - 1 + 5*j - j - 8*j. Suppose 3*i + 0*i = 24. Let v = i + -5. Give f(v).
7
Let l(j) be the second derivative of 0*j**4 - 9/20*j**5 + 10*j + 1/6*j**3 + 0 + 0*j**2. Determine l(1).
-8
Let o be (32/12)/4*(-16 + 19). Let n(g) be the second derivative of 0 + 1/2*g**o + 1/6*g**3 + g. Give n(3).
4
Suppose 3*x + 3*w = 28 - 16, 0 = -2*x + 3*w + 18. Let n(p) = -11*p + 36. Let j(y) = 4*y - 12. Let q(l) = -8*j(l) - 3*n(l). Determine q(x).
-6
Suppose 18 = -0*l + 2*l. Let j(s) = 77*s - 3 + 3 + l*s**2 - 78*s. Let q = 1 - 2. Calculate j(q).
10
Let k(c) = -6*c**2 - c - 1. Let x be k(-1). Let l(d) = -d + 1. Let p(y) = 2*y - 1. Let i(m) = -3*l(m) - p(m). Calculate i(x).
-8
Let k(y) = 0*y + y**2 + 1 + 0*y - 4*y. Suppose -10*b - 14*b + 48 = 0. Determine k(b).
-3
Let q be 3 + (-7)/(28/(-12)). Suppose -q*p - 40 = 2*p. Let s(i) = -7*i + 25. Let n(w) = 4*w - 13. Let h(x) = 11*n(x) + 6*s(x). Calculate h(p).
-3
Let q(i) = 32*i - 3. Let b(h) = 59*h - 5. Let y(j) = 6*b(j) - 11*q(j). Suppose 2*c + 2*c = 24. What is y(c)?
15
Suppose -4*f - 4*w - 400 = 0, 2*w + 142 = -5*f - 373. Let x = -108 - f. Let o(a) be the second derivative of -a**4/12 - a**3/2 + 3